ommon factor of 29138 and 30421786.
1714
Calculate the highest common factor of 2570649 and 222.
111
Calculate the greatest common factor of 5144529 and 438.
219
What is the greatest common divisor of 1632 and 226274964?
204
What is the greatest common divisor of 98 and 391009318?
98
What is the greatest common factor of 103635328 and 7424?
3712
What is the highest common factor of 28936 and 80127401?
3617
What is the highest common factor of 245808 and 136?
8
Calculate the highest common divisor of 6 and 2842262.
2
What is the greatest common factor of 2431 and 2282414849?
2431
What is the highest common factor of 274436 and 1003789?
437
What is the greatest common factor of 58008 and 57032?
8
Calculate the highest common factor of 30 and 2092095.
15
Calculate the highest common divisor of 5342705 and 95.
95
What is the highest common divisor of 48825981 and 236?
59
Calculate the greatest common factor of 558 and 133442786.
62
Calculate the greatest common factor of 344234073 and 615.
123
Calculate the greatest common factor of 288883621 and 13.
13
What is the highest common factor of 1410 and 4869576?
282
What is the highest common divisor of 75748864 and 751?
751
What is the greatest common factor of 25970679 and 459?
459
Calculate the highest common factor of 150 and 1071630.
30
What is the greatest common factor of 1839138633 and 3879?
3879
What is the greatest common factor of 3969 and 8750322?
1323
Calculate the greatest common divisor of 6595219 and 82.
41
What is the greatest common factor of 187699829 and 45749?
4159
What is the highest common divisor of 352 and 2355104?
32
Calculate the highest common divisor of 138560 and 77728.
32
Calculate the highest common divisor of 1034 and 886347.
11
What is the greatest common factor of 273900960 and 95?
95
Calculate the highest common divisor of 513 and 4373800.
19
What is the highest common factor of 663 and 1286271?
51
What is the greatest common divisor of 50344 and 244664?
56
What is the greatest common factor of 157614898 and 742?
742
What is the highest common divisor of 16412263 and 5753?
523
Calculate the highest common divisor of 151608 and 788.
4
What is the greatest common divisor of 66929030 and 679?
679
What is the greatest common divisor of 33185182 and 3013?
3013
What is the highest common divisor of 535 and 49457005?
535
Calculate the greatest common factor of 5083122 and 198.
66
What is the greatest common factor of 1982897 and 395675?
2261
Calculate the highest common divisor of 51824381 and 11305.
2261
What is the greatest common factor of 46361 and 78995?
259
Calculate the greatest common divisor of 48 and 26826.
6
Calculate the highest common divisor of 2323 and 3261584.
23
Calculate the greatest common divisor of 3602048 and 32528.
1712
What is the greatest common divisor of 9079502 and 4?
2
Calculate the highest common factor of 106616 and 4672.
8
Calculate the highest common divisor of 504543476 and 68.
68
What is the highest common divisor of 289655 and 34105?
95
What is the greatest common factor of 65400 and 319800?
600
Calculate the highest common factor of 888 and 80594832.
24
What is the highest common divisor of 319 and 1550833?
29
Calculate the greatest common divisor of 6488 and 1098025876.
3244
Calculate the highest common divisor of 1876 and 45192.
28
Calculate the greatest common divisor of 1672 and 57615448.
1672
What is the greatest common divisor of 349353 and 4929417?
1539
What is the greatest common factor of 690675024 and 624?
624
Calculate the highest common factor of 196 and 16390934.
14
What is the highest common divisor of 1870 and 190298?
34
Calculate the greatest common divisor of 156552188 and 13.
13
Calculate the greatest common divisor of 3852811 and 369.
41
Calculate the greatest common factor of 2145 and 4231305.
195
What is the greatest common factor of 354590 and 5251?
59
What is the greatest common divisor of 16328 and 431306161?
2041
What is the greatest common factor of 2783 and 16283333?
2783
Calculate the greatest common divisor of 29454217 and 442.
221
Calculate the highest common factor of 286 and 4264962.
26
Calculate the greatest common factor of 58793 and 41087.
227
Calculate the greatest common factor of 6825253 and 1417.
109
What is the highest common factor of 3266281 and 1067?
97
What is the greatest common divisor of 86620 and 5774260?
1220
What is the highest common factor of 133 and 18726951?
19
Calculate the highest common divisor of 2152 and 99543181.
269
Calculate the highest common divisor of 252605 and 7505.
95
Calculate the greatest common factor of 1182695 and 1325.
265
Calculate the highest common divisor of 33767828 and 43819.
1511
What is the greatest common factor of 4355 and 10159955?
65
What is the greatest common factor of 478 and 22786?
2
What is the highest common divisor of 15195375 and 16965?
585
What is the highest common factor of 6425301 and 13737?
723
What is the greatest common divisor of 167372 and 14420?
4
What is the highest common divisor of 60160 and 53815?
235
Calculate the greatest common divisor of 3080 and 425285630.
770
Calculate the greatest common divisor of 945 and 479309292.
189
What is the greatest common divisor of 686616440 and 9700?
1940
What is the greatest common factor of 5 and 7544645?
5
Calculate the greatest common divisor of 251259330 and 210.
210
What is the greatest common divisor of 115987626 and 324?
162
Calculate the highest common factor of 3266 and 13645916.
142
Calculate the greatest common factor of 10665 and 13465629.
2133
What is the greatest common factor of 90 and 14946777?
9
What is the highest common divisor of 1120 and 49119140?
140
What is the greatest common factor of 102650 and 1210?
10
What is the greatest common factor of 5617960 and 2048?
8
What is the greatest common divisor of 1796225 and 25?
25
Calculate the greatest common divisor of 34558166 and 65150.
2606
What is the greatest common factor of 20637 and 44091?
9
Calculate the greatest common factor of 1539 and 12696102.
81
Calculate the greatest common factor of 897450 and 39990.
930
What is the greatest common divisor of 1320 and 11505560?
440
Calculate the greatest common divisor of 17357025 and 2025.
75
Calculate the greatest common divisor of 3808 and 610272.
32
Calculate the greatest common divisor of 62290184 and 76615.
2189
What is the greatest common factor of 1054498 and 58?
58
Calculate the greatest common factor of 313 and 61397767.
313
What is the greatest common divisor of 44577 and 86697?
351
What is the greatest common divisor of 6293287 and 2093?
91
Calculate the greatest common divisor of 1034990 and 3520.
110
What is the highest common factor of 41582189 and 385?
11
Calculate the highest common factor of 1380787 and 2679.
19
What is the highest common divisor of 8768 and 118283608?
1096
What is the greatest common factor of 2824 and 344175?
353
Calculate the highest common divisor of 70400408 and 104.
104
Calculate the greatest common divisor of 11707 and 297256.
509
What is the highest common factor of 382 and 63346?
2
What is the highest common factor of 509 and 2037400259?
509
Calculate the highest common factor of 1445 and 10719605.
85
Calculate the greatest common divisor of 310101 and 1716.
33
Calculate the greatest common divisor of 1485 and 220446171.
297
What is the greatest common factor of 9125 and 5768825?
1825
Calculate the greatest common factor of 63 and 2793749.
7
Calculate the greatest common factor of 16399 and 4531.
23
Calculate the highest common divisor of 4730 and 989258.
86
What is the greatest common divisor of 729 and 12476349?
243
Calculate the greatest common divisor of 340087 and 3751.
11
Calculate the greatest common divisor of 99983 and 3159.
13
What is the greatest common divisor of 4170500 and 135212?
1756
What is the highest common divisor of 10095637 and 2023?
289
What is the greatest common factor of 29029 and 28072?
319
What is the greatest common divisor of 6324 and 2414156?
124
What is the highest common divisor of 188 and 569318?
2
Calculate the greatest common divisor of 895589693 and 647.
647
Calculate the highest common factor of 5754 and 2044925568.
5754
Calculate the highest common factor of 1621495 and 1285.
5
Calculate the gre